ighest common factor of 13571072 and 5452?
116
What is the greatest common factor of 19 and 69203111?
19
What is the highest common divisor of 289212351 and 591?
591
Calculate the highest common divisor of 4634536 and 4636.
244
Calculate the greatest common factor of 6 and 12476158.
2
Calculate the greatest common divisor of 27850 and 159910.
10
What is the greatest common factor of 9 and 1666976?
1
What is the highest common factor of 174 and 26250?
6
What is the greatest common divisor of 90312 and 519400?
424
What is the greatest common factor of 596049076 and 707?
707
Calculate the highest common divisor of 179086518 and 12132.
6066
What is the highest common factor of 67841248 and 76?
76
Calculate the highest common divisor of 79372111 and 1274.
637
What is the highest common divisor of 5305146 and 3498?
66
Calculate the highest common factor of 1712 and 70433392.
1712
Calculate the greatest common factor of 1365 and 720993.
273
What is the highest common divisor of 27028 and 15228?
4
What is the greatest common divisor of 21536291 and 193?
193
Calculate the highest common factor of 1948826 and 770.
22
Calculate the greatest common factor of 24106128 and 204.
12
Calculate the highest common divisor of 21 and 10298652.
21
Calculate the greatest common divisor of 1008 and 113866074.
126
What is the greatest common divisor of 164318 and 404492?
22
What is the greatest common divisor of 16445885 and 10880?
85
What is the highest common divisor of 12165710 and 510?
170
Calculate the highest common divisor of 52 and 1351300.
4
What is the highest common divisor of 8640 and 113024?
64
What is the highest common divisor of 19810 and 2539136845?
9905
Calculate the highest common factor of 372804861 and 208.
13
Calculate the greatest common factor of 81708 and 41756.
44
What is the highest common factor of 285 and 136032723?
57
What is the highest common divisor of 2119 and 247234?
13
Calculate the highest common divisor of 112 and 568484.
28
What is the highest common factor of 586467 and 1188663?
2247
Calculate the highest common factor of 2165161 and 45409.
499
What is the greatest common divisor of 13845 and 11058645?
195
Calculate the greatest common divisor of 8385 and 30913545.
195
Calculate the greatest common factor of 988641931 and 5578.
2789
Calculate the greatest common factor of 35712 and 300204.
1116
What is the highest common divisor of 1169963 and 1563472?
2641
What is the highest common factor of 265140 and 12970?
10
Calculate the greatest common factor of 630 and 386865.
45
What is the highest common factor of 31525884 and 1643?
1643
Calculate the greatest common divisor of 22312822 and 14.
14
Calculate the highest common factor of 321354 and 127413.
297
Calculate the greatest common divisor of 10895669 and 1193.
1193
What is the greatest common divisor of 29414985 and 438?
219
What is the highest common factor of 354 and 900573?
3
What is the greatest common divisor of 68208 and 2009?
49
What is the greatest common divisor of 45192 and 123?
3
Calculate the highest common factor of 883432 and 539.
11
What is the greatest common factor of 622083048 and 8168?
8168
Calculate the greatest common factor of 3935 and 2221795440.
3935
Calculate the greatest common factor of 353341051 and 1778.
889
What is the greatest common factor of 14268829 and 180296?
727
Calculate the greatest common divisor of 110985 and 91506.
453
What is the highest common divisor of 9909 and 34400745?
3303
Calculate the highest common factor of 816 and 1248144.
48
Calculate the greatest common factor of 43151192 and 532.
28
Calculate the greatest common factor of 46158 and 70015092.
6594
What is the highest common factor of 648 and 39145257?
9
What is the greatest common factor of 10577155 and 15?
5
Calculate the greatest common divisor of 1870 and 405086.
22
What is the highest common factor of 536528145 and 180?
15
Calculate the highest common factor of 79684 and 118228.
44
What is the highest common divisor of 262429059 and 282?
141
Calculate the highest common divisor of 63468249 and 7384.
923
What is the greatest common factor of 10127 and 94183?
19
What is the highest common divisor of 151838573 and 13307?
1901
What is the greatest common divisor of 18574500 and 150?
150
What is the highest common divisor of 420 and 14461167?
21
Calculate the highest common factor of 38 and 933900521.
19
Calculate the highest common factor of 35168 and 736.
32
What is the greatest common factor of 924 and 278858272?
308
What is the greatest common factor of 42544 and 87922494?
5318
Calculate the greatest common divisor of 30509605 and 245.
245
What is the highest common divisor of 158 and 231910741?
79
What is the highest common divisor of 56 and 45840536?
56
Calculate the greatest common divisor of 698450 and 1250.
50
Calculate the greatest common factor of 5481343 and 80027.
1013
Calculate the highest common factor of 22743 and 2240651.
133
What is the highest common divisor of 551 and 1131377?
29
Calculate the highest common factor of 216 and 548451.
27
Calculate the greatest common factor of 221464845 and 7227.
657
What is the highest common factor of 91562 and 19329?
17
What is the greatest common divisor of 2975 and 11943095?
85
What is the greatest common divisor of 194 and 8093971?
97
Calculate the greatest common divisor of 52 and 361157732.
52
Calculate the greatest common factor of 344729 and 318829.
259
Calculate the greatest common divisor of 1606747316 and 34.
34
What is the highest common divisor of 27498262 and 22?
22
What is the greatest common divisor of 930 and 43017987?
93
What is the highest common factor of 5254 and 1843018?
142
What is the greatest common divisor of 570 and 672258?
114
What is the greatest common divisor of 1591644 and 36?
12
Calculate the highest common factor of 63341 and 16803649.
653
What is the highest common factor of 836 and 19747992?
836
Calculate the highest common factor of 144015 and 120.
15
What is the greatest common factor of 210185 and 265049?
127
What is the greatest common factor of 12831 and 378303?
141
What is the greatest common divisor of 3514 and 8804578?
502
Calculate the greatest common divisor of 153202 and 5518.
62
Calculate the greatest common divisor of 450 and 23886.
18
Calculate the highest common factor of 2768192 and 39072.
1184
What is the highest common divisor of 133790 and 301515440?
7870
Calculate the highest common divisor of 7699964 and 375724.
4756
Calculate the highest common factor of 74474892 and 12410.
2482
What is the greatest common factor of 593400 and 13502?
86
Calculate the greatest common factor of 5335 and 11898505.
485
Calculate the greatest common divisor of 18070 and 17940.
130
What is the highest common divisor of 21699337 and 3509?
319
What is the highest common factor of 2283200 and 600?
200
What is the highest common divisor of 1299378 and 6126?
6
Calculate the greatest common divisor of 980518 and 671.
11
Calculate the greatest common divisor of 1177540 and 1.
1
What is the highest common factor of 584883 and 17667?
117
Calculate the greatest common divisor of 230 and 291885502.
46
What is the greatest common divisor of 4 and 4456282?
2
Calculate the highest common divisor of 216840060 and 2245.
2245
What is the highest common factor of 72 and 10289502?
18
Calculate the greatest common divisor of 60787121 and 3431.
47
Calculate the greatest common factor of 212 and 146997196.
212
What is the greatest common factor of 1032 and 37508728?
344
Calculate the highest common divisor of 5901837 and 10716.
2679
Calculate the greatest common divisor of 29376280 and 19.
19
What is the highest common factor of 15835 and 144845?
5
Calculate the highest common factor of 20260115 and 7160.
895
Calculate the greatest common divisor of 168 and 12002628.
12
What is the highest common divisor of 718 and 91273955?
359
Calculate the highest common factor of 26725 and 65675.
25
What is the greatest common divisor of 108180 and 30780?
180
Calculate the highest common divisor of 2327294676 and 13709.
13709
Calculate the greatest common factor of 7 and 105432670.
7
What is the highest common divisor of 737989 and 7301?
49
Calculate the highest common divisor of 544725 and 108676.
269
What is the 